{"id":336,"date":"2026-03-14T11:54:03","date_gmt":"2026-03-14T11:54:03","guid":{"rendered":"https:\/\/arche-space.ch\/?page_id=336"},"modified":"2026-03-14T12:12:46","modified_gmt":"2026-03-14T12:12:46","slug":"aktuell","status":"publish","type":"page","link":"https:\/\/arche-space.ch\/?page_id=336","title":{"rendered":"Aktuell"},"content":{"rendered":"\t\t<div data-elementor-type=\"wp-page\" data-elementor-id=\"336\" class=\"elementor elementor-336\" data-elementor-post-type=\"page\">\n\t\t\t\t\t\t<section class=\"elementor-section elementor-top-section elementor-element elementor-element-19a56e74 elementor-section-height-min-height elementor-section-items-bottom elementor-section-boxed elementor-section-height-default\" data-id=\"19a56e74\" data-element_type=\"section\" data-e-type=\"section\">\n\t\t\t\t\t\t<div class=\"elementor-container elementor-column-gap-default\">\n\t\t\t\t\t<div class=\"elementor-column elementor-col-100 elementor-top-column elementor-element elementor-element-4d5ae44c\" data-id=\"4d5ae44c\" data-element_type=\"column\" data-e-type=\"column\">\n\t\t\t<div class=\"elementor-widget-wrap elementor-element-populated\">\n\t\t\t\t\t\t<div class=\"elementor-element elementor-element-6ba80c7a stroke elementor-widget elementor-widget-heading\" data-id=\"6ba80c7a\" data-element_type=\"widget\" data-e-type=\"widget\" data-widget_type=\"heading.default\">\n\t\t\t\t\t<h2 class=\"elementor-heading-title elementor-size-default\">entstehung<\/h2>\t\t\t\t<\/div>\n\t\t\t\t\t<\/div>\n\t\t<\/div>\n\t\t\t\t\t<\/div>\n\t\t<\/section>\n\t\t\t\t<section class=\"elementor-section elementor-top-section elementor-element elementor-element-325ab430 elementor-section-height-min-height elementor-section-items-bottom elementor-section-boxed elementor-section-height-default\" data-id=\"325ab430\" data-element_type=\"section\" data-e-type=\"section\" data-settings=\"{&quot;background_background&quot;:&quot;classic&quot;}\">\n\t\t\t\t\t\t\t<div class=\"elementor-background-overlay\"><\/div>\n\t\t\t\t\t\t\t<div class=\"elementor-container elementor-column-gap-default\">\n\t\t\t\t\t<div class=\"elementor-column elementor-col-100 elementor-top-column elementor-element elementor-element-27163315\" data-id=\"27163315\" data-element_type=\"column\" data-e-type=\"column\">\n\t\t\t<div class=\"elementor-widget-wrap elementor-element-populated\">\n\t\t\t\t\t\t<div class=\"elementor-element elementor-element-14b2552f elementor-widget elementor-widget-image\" data-id=\"14b2552f\" data-element_type=\"widget\" data-e-type=\"widget\" data-widget_type=\"image.default\">\n\t\t\t\t\t\t\t\t\t\t\t\t\t\t\t<img fetchpriority=\"high\" decoding=\"async\" width=\"800\" height=\"534\" src=\"https:\/\/arche-space.ch\/wp-content\/uploads\/2026\/03\/Arche-Draussen-01-1024x683.jpg\" class=\"attachment-large size-large wp-image-56\" alt=\"\" srcset=\"https:\/\/arche-space.ch\/wp-content\/uploads\/2026\/03\/Arche-Draussen-01-1024x683.jpg 1024w, https:\/\/arche-space.ch\/wp-content\/uploads\/2026\/03\/Arche-Draussen-01-300x200.jpg 300w, https:\/\/arche-space.ch\/wp-content\/uploads\/2026\/03\/Arche-Draussen-01-768x512.jpg 768w, https:\/\/arche-space.ch\/wp-content\/uploads\/2026\/03\/Arche-Draussen-01.jpg 1200w\" sizes=\"(max-width: 800px) 100vw, 800px\" \/>\t\t\t\t\t\t\t\t\t\t\t\t\t\t\t<\/div>\n\t\t\t\t<div class=\"elementor-element elementor-element-5213f277 elementor-widget elementor-widget-image\" data-id=\"5213f277\" data-element_type=\"widget\" data-e-type=\"widget\" data-widget_type=\"image.default\">\n\t\t\t\t\t\t\t\t\t\t\t\t\t\t\t<img decoding=\"async\" width=\"800\" height=\"534\" src=\"https:\/\/arche-space.ch\/wp-content\/uploads\/2026\/03\/Arche-Draussen-02-1024x683.jpg\" class=\"attachment-large size-large wp-image-57\" alt=\"\" srcset=\"https:\/\/arche-space.ch\/wp-content\/uploads\/2026\/03\/Arche-Draussen-02-1024x683.jpg 1024w, https:\/\/arche-space.ch\/wp-content\/uploads\/2026\/03\/Arche-Draussen-02-300x200.jpg 300w, https:\/\/arche-space.ch\/wp-content\/uploads\/2026\/03\/Arche-Draussen-02-768x512.jpg 768w, https:\/\/arche-space.ch\/wp-content\/uploads\/2026\/03\/Arche-Draussen-02.jpg 1200w\" sizes=\"(max-width: 800px) 100vw, 800px\" \/>\t\t\t\t\t\t\t\t\t\t\t\t\t\t\t<\/div>\n\t\t\t\t<div class=\"elementor-element elementor-element-327ba8ce elementor-widget elementor-widget-image\" data-id=\"327ba8ce\" data-element_type=\"widget\" data-e-type=\"widget\" data-widget_type=\"image.default\">\n\t\t\t\t\t\t\t\t\t\t\t\t\t\t\t<img decoding=\"async\" width=\"800\" height=\"534\" src=\"https:\/\/arche-space.ch\/wp-content\/uploads\/2026\/03\/Arche-Draussen-04-1024x683.jpg\" class=\"attachment-large size-large wp-image-58\" alt=\"\" srcset=\"https:\/\/arche-space.ch\/wp-content\/uploads\/2026\/03\/Arche-Draussen-04-1024x683.jpg 1024w, https:\/\/arche-space.ch\/wp-content\/uploads\/2026\/03\/Arche-Draussen-04-300x200.jpg 300w, https:\/\/arche-space.ch\/wp-content\/uploads\/2026\/03\/Arche-Draussen-04-768x512.jpg 768w, https:\/\/arche-space.ch\/wp-content\/uploads\/2026\/03\/Arche-Draussen-04.jpg 1200w\" sizes=\"(max-width: 800px) 100vw, 800px\" \/>\t\t\t\t\t\t\t\t\t\t\t\t\t\t\t<\/div>\n\t\t\t\t<div class=\"elementor-element elementor-element-4d0f3cd4 elementor-widget elementor-widget-image\" data-id=\"4d0f3cd4\" data-element_type=\"widget\" data-e-type=\"widget\" data-widget_type=\"image.default\">\n\t\t\t\t\t\t\t\t\t\t\t\t\t\t\t<img loading=\"lazy\" decoding=\"async\" width=\"800\" height=\"534\" src=\"https:\/\/arche-space.ch\/wp-content\/uploads\/2026\/03\/Arche-Draussen-03-1024x683.jpg\" class=\"attachment-large size-large wp-image-59\" alt=\"\" srcset=\"https:\/\/arche-space.ch\/wp-content\/uploads\/2026\/03\/Arche-Draussen-03-1024x683.jpg 1024w, https:\/\/arche-space.ch\/wp-content\/uploads\/2026\/03\/Arche-Draussen-03-300x200.jpg 300w, https:\/\/arche-space.ch\/wp-content\/uploads\/2026\/03\/Arche-Draussen-03-768x512.jpg 768w, https:\/\/arche-space.ch\/wp-content\/uploads\/2026\/03\/Arche-Draussen-03.jpg 1200w\" sizes=\"(max-width: 800px) 100vw, 800px\" \/>\t\t\t\t\t\t\t\t\t\t\t\t\t\t\t<\/div>\n\t\t\t\t<div class=\"elementor-element elementor-element-d54fc04 elementor-widget elementor-widget-image\" data-id=\"d54fc04\" data-element_type=\"widget\" data-e-type=\"widget\" data-widget_type=\"image.default\">\n\t\t\t\t\t\t\t\t\t\t\t\t\t\t\t<img loading=\"lazy\" decoding=\"async\" width=\"800\" height=\"534\" src=\"https:\/\/arche-space.ch\/wp-content\/uploads\/2026\/03\/Arche-Draussen-05-1024x683.jpg\" class=\"attachment-large size-large wp-image-60\" alt=\"\" srcset=\"https:\/\/arche-space.ch\/wp-content\/uploads\/2026\/03\/Arche-Draussen-05-1024x683.jpg 1024w, https:\/\/arche-space.ch\/wp-content\/uploads\/2026\/03\/Arche-Draussen-05-300x200.jpg 300w, https:\/\/arche-space.ch\/wp-content\/uploads\/2026\/03\/Arche-Draussen-05-768x512.jpg 768w, https:\/\/arche-space.ch\/wp-content\/uploads\/2026\/03\/Arche-Draussen-05.jpg 1200w\" sizes=\"(max-width: 800px) 100vw, 800px\" \/>\t\t\t\t\t\t\t\t\t\t\t\t\t\t\t<\/div>\n\t\t\t\t\t<\/div>\n\t\t<\/div>\n\t\t\t\t\t<\/div>\n\t\t<\/section>\n\t\t\t\t<section class=\"elementor-section elementor-top-section elementor-element elementor-element-15cbd80f elementor-section-boxed elementor-section-height-default elementor-section-height-default\" data-id=\"15cbd80f\" data-element_type=\"section\" data-e-type=\"section\">\n\t\t\t\t\t\t<div class=\"elementor-container elementor-column-gap-default\">\n\t\t\t\t\t<div class=\"elementor-column elementor-col-100 elementor-top-column elementor-element elementor-element-22b4945d\" data-id=\"22b4945d\" data-element_type=\"column\" data-e-type=\"column\">\n\t\t\t<div class=\"elementor-widget-wrap elementor-element-populated\">\n\t\t\t\t\t\t<div class=\"elementor-element elementor-element-3731966b elementor-widget elementor-widget-text-editor\" data-id=\"3731966b\" data-element_type=\"widget\" data-e-type=\"widget\" data-widget_type=\"text-editor.default\">\n\t\t\t\t\t\t\t\t\t<p>JOEL HAT EINE IDEE<\/p>\t\t\t\t\t\t\t\t<\/div>\n\t\t\t\t<div class=\"elementor-element elementor-element-6ac166db elementor-widget elementor-widget-text-editor\" data-id=\"6ac166db\" data-element_type=\"widget\" data-e-type=\"widget\" data-widget_type=\"text-editor.default\">\n\t\t\t\t\t\t\t\t\t<p>Joel hat einfach mal damit angefangen die Arche zu bauen so ein crazy boy<\/p>\t\t\t\t\t\t\t\t<\/div>\n\t\t\t\t<div class=\"elementor-element elementor-element-abff66b elementor-widget elementor-widget-text-editor\" data-id=\"abff66b\" data-element_type=\"widget\" data-e-type=\"widget\" data-widget_type=\"text-editor.default\">\n\t\t\t\t\t\t\t\t\t<p><b>Einer der Menschen<\/b>, die sich in den Neunzigerjahren \u00fcber l\u00e4ngere Zeit im Campi di Cascio aufhielten, um meinen Eltern beim Bau des Hauses zu helfen, war Joel. Dieser Ort gefiel ihm so gut, dass er einen Steinwurf vom Haus entfernt \u2013 mitten im Dickicht \u2013 sein eigenes kleines H\u00e4uschen baute, wo er unter anderem auch <b>w\u00e4hrend zwei ganzen Wintern wohnte<\/b>. Als die Arche \u2013 wie er sein Haus taufte \u2013 endlich fertig war, zog ihn sein Leben bereits an neue Orte.<\/p>\n<p>Die Arche ist <strong>ein Symbol f\u00fcr die Pionierzeit im Campi di Cascio<\/strong>, f\u00fcr Ruhe, Natur und Abgeschiedenheit. Sie k\u00f6nnte nicht nur als Atelier f\u00fcr intrinsisch Motivierte dienen, sondern ihre Errichtung war selbst schon ein <strong>intrinsisch motiviertes Vorzeigeprojekt<\/strong>.<\/p>\n<p>Joel ist gegangen, die Arche bleibt. Von den mindestens 15 Jahren, in denen sich nie jemand um sie gek\u00fcmmert hat, zeigt sie sich wenig beeindruckt. <b>Die Umgebung scheint sie zu akzeptieren<\/b>, vielleicht weil sie selbst zu einem grossen Teil aus diesem Wald besteht.<br>Seit dem Fr\u00fchling22 hat mich die Arche nicht mehr losgelassen. Kurz nach meiner Ankunft wurde mir klar, dass es im Campi di Cascio ja eigentlich zwei H\u00e4user gibt und wie sehr dies <b>den Spielraum f\u00fcr dieses Projekt erweitern<\/b> k\u00f6nnte.<\/p>\t\t\t\t\t\t\t\t<\/div>\n\t\t\t\t\t<\/div>\n\t\t<\/div>\n\t\t\t\t\t<\/div>\n\t\t<\/section>\n\t\t\t\t<section class=\"elementor-section elementor-top-section elementor-element elementor-element-385224f elementor-section-height-min-height elementor-section-items-bottom elementor-section-boxed elementor-section-height-default\" data-id=\"385224f\" data-element_type=\"section\" data-e-type=\"section\" data-settings=\"{&quot;background_background&quot;:&quot;classic&quot;}\">\n\t\t\t\t\t\t\t<div class=\"elementor-background-overlay\"><\/div>\n\t\t\t\t\t\t\t<div class=\"elementor-container elementor-column-gap-default\">\n\t\t\t\t\t<div class=\"elementor-column elementor-col-100 elementor-top-column elementor-element elementor-element-345f19e8\" data-id=\"345f19e8\" data-element_type=\"column\" data-e-type=\"column\">\n\t\t\t<div class=\"elementor-widget-wrap elementor-element-populated\">\n\t\t\t\t\t\t<div class=\"elementor-element elementor-element-40438d6d elementor-widget elementor-widget-image\" data-id=\"40438d6d\" data-element_type=\"widget\" data-e-type=\"widget\" data-widget_type=\"image.default\">\n\t\t\t\t\t\t\t\t\t\t\t\t\t\t\t<img loading=\"lazy\" decoding=\"async\" width=\"800\" height=\"534\" src=\"https:\/\/arche-space.ch\/wp-content\/uploads\/2026\/03\/Arche-Drinnen-1-1024x683.jpg\" class=\"attachment-large size-large wp-image-73\" alt=\"\" srcset=\"https:\/\/arche-space.ch\/wp-content\/uploads\/2026\/03\/Arche-Drinnen-1-1024x683.jpg 1024w, https:\/\/arche-space.ch\/wp-content\/uploads\/2026\/03\/Arche-Drinnen-1-300x200.jpg 300w, https:\/\/arche-space.ch\/wp-content\/uploads\/2026\/03\/Arche-Drinnen-1-768x512.jpg 768w, https:\/\/arche-space.ch\/wp-content\/uploads\/2026\/03\/Arche-Drinnen-1.jpg 1200w\" sizes=\"(max-width: 800px) 100vw, 800px\" \/>\t\t\t\t\t\t\t\t\t\t\t\t\t\t\t<\/div>\n\t\t\t\t<div class=\"elementor-element elementor-element-1ce22f66 elementor-widget elementor-widget-image\" data-id=\"1ce22f66\" data-element_type=\"widget\" data-e-type=\"widget\" data-widget_type=\"image.default\">\n\t\t\t\t\t\t\t\t\t\t\t\t\t\t\t<img loading=\"lazy\" decoding=\"async\" width=\"800\" height=\"534\" src=\"https:\/\/arche-space.ch\/wp-content\/uploads\/2026\/03\/Arche-Drinnen-2-1024x683.jpg\" class=\"attachment-large size-large wp-image-74\" alt=\"\" srcset=\"https:\/\/arche-space.ch\/wp-content\/uploads\/2026\/03\/Arche-Drinnen-2-1024x683.jpg 1024w, https:\/\/arche-space.ch\/wp-content\/uploads\/2026\/03\/Arche-Drinnen-2-300x200.jpg 300w, https:\/\/arche-space.ch\/wp-content\/uploads\/2026\/03\/Arche-Drinnen-2-768x512.jpg 768w, https:\/\/arche-space.ch\/wp-content\/uploads\/2026\/03\/Arche-Drinnen-2.jpg 1200w\" sizes=\"(max-width: 800px) 100vw, 800px\" \/>\t\t\t\t\t\t\t\t\t\t\t\t\t\t\t<\/div>\n\t\t\t\t<div class=\"elementor-element elementor-element-54c4c749 elementor-widget elementor-widget-image\" data-id=\"54c4c749\" data-element_type=\"widget\" data-e-type=\"widget\" data-widget_type=\"image.default\">\n\t\t\t\t\t\t\t\t\t\t\t\t\t\t\t<img loading=\"lazy\" decoding=\"async\" width=\"800\" height=\"534\" src=\"https:\/\/arche-space.ch\/wp-content\/uploads\/2026\/03\/Arche-Drinnen-3-1024x683.jpg\" class=\"attachment-large size-large wp-image-75\" alt=\"\" srcset=\"https:\/\/arche-space.ch\/wp-content\/uploads\/2026\/03\/Arche-Drinnen-3-1024x683.jpg 1024w, https:\/\/arche-space.ch\/wp-content\/uploads\/2026\/03\/Arche-Drinnen-3-300x200.jpg 300w, https:\/\/arche-space.ch\/wp-content\/uploads\/2026\/03\/Arche-Drinnen-3-768x512.jpg 768w, https:\/\/arche-space.ch\/wp-content\/uploads\/2026\/03\/Arche-Drinnen-3.jpg 1200w\" sizes=\"(max-width: 800px) 100vw, 800px\" \/>\t\t\t\t\t\t\t\t\t\t\t\t\t\t\t<\/div>\n\t\t\t\t<div class=\"elementor-element elementor-element-1de27fe elementor-widget elementor-widget-image\" data-id=\"1de27fe\" data-element_type=\"widget\" data-e-type=\"widget\" data-widget_type=\"image.default\">\n\t\t\t\t\t\t\t\t\t\t\t\t\t\t\t<img loading=\"lazy\" decoding=\"async\" width=\"800\" height=\"534\" src=\"https:\/\/arche-space.ch\/wp-content\/uploads\/2026\/03\/Arche-Drinnen-4-1024x683.jpg\" class=\"attachment-large size-large wp-image-76\" alt=\"\" srcset=\"https:\/\/arche-space.ch\/wp-content\/uploads\/2026\/03\/Arche-Drinnen-4-1024x683.jpg 1024w, https:\/\/arche-space.ch\/wp-content\/uploads\/2026\/03\/Arche-Drinnen-4-300x200.jpg 300w, https:\/\/arche-space.ch\/wp-content\/uploads\/2026\/03\/Arche-Drinnen-4-768x512.jpg 768w, https:\/\/arche-space.ch\/wp-content\/uploads\/2026\/03\/Arche-Drinnen-4.jpg 1200w\" sizes=\"(max-width: 800px) 100vw, 800px\" \/>\t\t\t\t\t\t\t\t\t\t\t\t\t\t\t<\/div>\n\t\t\t\t<div class=\"elementor-element elementor-element-239d4202 elementor-widget elementor-widget-image\" data-id=\"239d4202\" data-element_type=\"widget\" data-e-type=\"widget\" data-widget_type=\"image.default\">\n\t\t\t\t\t\t\t\t\t\t\t\t\t\t\t<img loading=\"lazy\" decoding=\"async\" width=\"800\" height=\"534\" src=\"https:\/\/arche-space.ch\/wp-content\/uploads\/2026\/03\/Arche-Drinnen-6-1-1024x683.jpg\" class=\"attachment-large size-large wp-image-77\" alt=\"\" srcset=\"https:\/\/arche-space.ch\/wp-content\/uploads\/2026\/03\/Arche-Drinnen-6-1-1024x683.jpg 1024w, https:\/\/arche-space.ch\/wp-content\/uploads\/2026\/03\/Arche-Drinnen-6-1-300x200.jpg 300w, https:\/\/arche-space.ch\/wp-content\/uploads\/2026\/03\/Arche-Drinnen-6-1-768x512.jpg 768w, https:\/\/arche-space.ch\/wp-content\/uploads\/2026\/03\/Arche-Drinnen-6-1.jpg 1200w\" sizes=\"(max-width: 800px) 100vw, 800px\" \/>\t\t\t\t\t\t\t\t\t\t\t\t\t\t\t<\/div>\n\t\t\t\t<div class=\"elementor-element elementor-element-122a5d62 elementor-widget elementor-widget-image\" data-id=\"122a5d62\" data-element_type=\"widget\" data-e-type=\"widget\" data-widget_type=\"image.default\">\n\t\t\t\t\t\t\t\t\t\t\t\t\t\t\t<img loading=\"lazy\" decoding=\"async\" width=\"800\" height=\"534\" src=\"https:\/\/arche-space.ch\/wp-content\/uploads\/2026\/03\/Arche-Drinnen-5-1024x683.jpg\" class=\"attachment-large size-large wp-image-78\" alt=\"\" srcset=\"https:\/\/arche-space.ch\/wp-content\/uploads\/2026\/03\/Arche-Drinnen-5-1024x683.jpg 1024w, https:\/\/arche-space.ch\/wp-content\/uploads\/2026\/03\/Arche-Drinnen-5-300x200.jpg 300w, https:\/\/arche-space.ch\/wp-content\/uploads\/2026\/03\/Arche-Drinnen-5-768x512.jpg 768w, https:\/\/arche-space.ch\/wp-content\/uploads\/2026\/03\/Arche-Drinnen-5.jpg 1200w\" sizes=\"(max-width: 800px) 100vw, 800px\" \/>\t\t\t\t\t\t\t\t\t\t\t\t\t\t\t<\/div>\n\t\t\t\t\t<\/div>\n\t\t<\/div>\n\t\t\t\t\t<\/div>\n\t\t<\/section>\n\t\t\t\t<section class=\"elementor-section elementor-top-section elementor-element elementor-element-5c0bf321 elementor-section-boxed elementor-section-height-default elementor-section-height-default\" data-id=\"5c0bf321\" data-element_type=\"section\" data-e-type=\"section\">\n\t\t\t\t\t\t<div class=\"elementor-container elementor-column-gap-default\">\n\t\t\t\t\t<div class=\"elementor-column elementor-col-100 elementor-top-column elementor-element elementor-element-6707253\" data-id=\"6707253\" data-element_type=\"column\" data-e-type=\"column\">\n\t\t\t<div class=\"elementor-widget-wrap elementor-element-populated\">\n\t\t\t\t\t\t<div class=\"elementor-element elementor-element-4da32e13 elementor-widget elementor-widget-text-editor\" data-id=\"4da32e13\" data-element_type=\"widget\" data-e-type=\"widget\" data-widget_type=\"text-editor.default\">\n\t\t\t\t\t\t\t\t\t<p>Schau dich um<\/p>\t\t\t\t\t\t\t\t<\/div>\n\t\t\t\t\t<\/div>\n\t\t<\/div>\n\t\t\t\t\t<\/div>\n\t\t<\/section>\n\t\t\t\t<section class=\"elementor-section elementor-top-section elementor-element elementor-element-565dd03c elementor-section-boxed elementor-section-height-default elementor-section-height-default\" data-id=\"565dd03c\" data-element_type=\"section\" data-e-type=\"section\">\n\t\t\t\t\t\t<div class=\"elementor-container elementor-column-gap-default\">\n\t\t\t\t\t<div class=\"elementor-column elementor-col-100 elementor-top-column elementor-element elementor-element-218c241a\" data-id=\"218c241a\" data-element_type=\"column\" data-e-type=\"column\">\n\t\t\t<div class=\"elementor-widget-wrap elementor-element-populated\">\n\t\t\t\t\t\t<div class=\"elementor-element elementor-element-34837096 elementor-widget elementor-widget-html\" data-id=\"34837096\" data-element_type=\"widget\" data-e-type=\"widget\" data-widget_type=\"html.default\">\n\t\t\t\t\t<iframe width=\"853\" height=\"480\" src=\"https:\/\/my.matterport.com\/show\/?m=QsVRSkeD4dX\" frameborder=\"0\" allowfullscreen allow=\"xr-spatial-tracking\"><\/iframe>\t\t\t\t<\/div>\n\t\t\t\t<div class=\"elementor-element elementor-element-528f3d12 elementor-widget__width-auto elementor-widget elementor-widget-text-editor\" data-id=\"528f3d12\" data-element_type=\"widget\" data-e-type=\"widget\" data-widget_type=\"text-editor.default\">\n\t\t\t\t\t\t\t\t\t<p>\u00a9 ANI CATAK<\/p>\t\t\t\t\t\t\t\t<\/div>\n\t\t\t\t\t<\/div>\n\t\t<\/div>\n\t\t\t\t\t<\/div>\n\t\t<\/section>\n\t\t\t\t<section class=\"elementor-section elementor-top-section elementor-element elementor-element-87b0d47 elementor-section-boxed elementor-section-height-default elementor-section-height-default\" data-id=\"87b0d47\" data-element_type=\"section\" data-e-type=\"section\">\n\t\t\t\t\t\t<div class=\"elementor-container elementor-column-gap-default\">\n\t\t\t\t\t<div class=\"elementor-column elementor-col-100 elementor-top-column elementor-element elementor-element-9a7520f\" data-id=\"9a7520f\" data-element_type=\"column\" data-e-type=\"column\" data-settings=\"{&quot;background_background&quot;:&quot;classic&quot;}\">\n\t\t\t<div class=\"elementor-widget-wrap elementor-element-populated\">\n\t\t\t\t\t\t<div class=\"elementor-element elementor-element-472a892a elementor-align-center e-transform elementor-widget elementor-widget-button\" data-id=\"472a892a\" data-element_type=\"widget\" data-e-type=\"widget\" data-settings=\"{&quot;_transform_rotateZ_effect&quot;:{&quot;unit&quot;:&quot;px&quot;,&quot;size&quot;:-2,&quot;sizes&quot;:[]},&quot;_transform_rotateZ_effect_tablet&quot;:{&quot;unit&quot;:&quot;deg&quot;,&quot;size&quot;:&quot;&quot;,&quot;sizes&quot;:[]},&quot;_transform_rotateZ_effect_mobile&quot;:{&quot;unit&quot;:&quot;deg&quot;,&quot;size&quot;:&quot;&quot;,&quot;sizes&quot;:[]}}\" data-widget_type=\"button.default\">\n\t\t\t\t\t\t\t\t\t\t<a class=\"elementor-button elementor-size-sm\" role=\"button\" id=\"wohinnext\">\n\t\t\t\t\t\t<span class=\"elementor-button-content-wrapper\">\n\t\t\t\t\t\t\t\t\t<span class=\"elementor-button-text\">Wohin als n\u00e4chstes?<\/span>\n\t\t\t\t\t<\/span>\n\t\t\t\t\t<\/a>\n\t\t\t\t\t\t\t\t<\/div>\n\t\t\t\t<div class=\"elementor-element elementor-element-765e5fd3 elementor-align-center e-transform elementor-widget elementor-widget-button\" data-id=\"765e5fd3\" data-element_type=\"widget\" data-e-type=\"widget\" data-settings=\"{&quot;_transform_rotateZ_effect_hover&quot;:{&quot;unit&quot;:&quot;px&quot;,&quot;size&quot;:0,&quot;sizes&quot;:[]},&quot;_transform_rotateZ_effect_hover_tablet&quot;:{&quot;unit&quot;:&quot;deg&quot;,&quot;size&quot;:&quot;&quot;,&quot;sizes&quot;:[]},&quot;_transform_rotateZ_effect_hover_mobile&quot;:{&quot;unit&quot;:&quot;deg&quot;,&quot;size&quot;:&quot;&quot;,&quot;sizes&quot;:[]}}\" data-widget_type=\"button.default\">\n\t\t\t\t\t\t\t\t\t\t<a class=\"elementor-button elementor-button-link elementor-size-sm\" href=\"https:\/\/freihype.ch\/ort\/geschichte\/\">\n\t\t\t\t\t\t<span class=\"elementor-button-content-wrapper\">\n\t\t\t\t\t\t\t\t\t<span class=\"elementor-button-text\">Geschichte<\/span>\n\t\t\t\t\t<\/span>\n\t\t\t\t\t<\/a>\n\t\t\t\t\t\t\t\t<\/div>\n\t\t\t\t<div class=\"elementor-element elementor-element-bd1474f elementor-align-center e-transform elementor-widget elementor-widget-button\" data-id=\"bd1474f\" data-element_type=\"widget\" data-e-type=\"widget\" data-settings=\"{&quot;_transform_rotateZ_effect_hover&quot;:{&quot;unit&quot;:&quot;px&quot;,&quot;size&quot;:0,&quot;sizes&quot;:[]},&quot;_transform_rotateZ_effect_hover_tablet&quot;:{&quot;unit&quot;:&quot;deg&quot;,&quot;size&quot;:&quot;&quot;,&quot;sizes&quot;:[]},&quot;_transform_rotateZ_effect_hover_mobile&quot;:{&quot;unit&quot;:&quot;deg&quot;,&quot;size&quot;:&quot;&quot;,&quot;sizes&quot;:[]}}\" data-widget_type=\"button.default\">\n\t\t\t\t\t\t\t\t\t\t<a class=\"elementor-button elementor-button-link elementor-size-sm\" href=\"https:\/\/freihype.ch\/ort\/campi-di-cascio\/\">\n\t\t\t\t\t\t<span class=\"elementor-button-content-wrapper\">\n\t\t\t\t\t\t\t\t\t<span class=\"elementor-button-text\">Campi di Cascio<\/span>\n\t\t\t\t\t<\/span>\n\t\t\t\t\t<\/a>\n\t\t\t\t\t\t\t\t<\/div>\n\t\t\t\t<div class=\"elementor-element elementor-element-376df6df elementor-align-center e-transform elementor-widget elementor-widget-button\" data-id=\"376df6df\" data-element_type=\"widget\" data-e-type=\"widget\" data-settings=\"{&quot;_transform_rotateZ_effect_hover&quot;:{&quot;unit&quot;:&quot;px&quot;,&quot;size&quot;:0,&quot;sizes&quot;:[]},&quot;_transform_rotateZ_effect_hover_tablet&quot;:{&quot;unit&quot;:&quot;deg&quot;,&quot;size&quot;:&quot;&quot;,&quot;sizes&quot;:[]},&quot;_transform_rotateZ_effect_hover_mobile&quot;:{&quot;unit&quot;:&quot;deg&quot;,&quot;size&quot;:&quot;&quot;,&quot;sizes&quot;:[]}}\" data-widget_type=\"button.default\">\n\t\t\t\t\t\t\t\t\t\t<a class=\"elementor-button elementor-button-link elementor-size-sm\" href=\"https:\/\/freihype.ch\/\">\n\t\t\t\t\t\t<span class=\"elementor-button-content-wrapper\">\n\t\t\t\t\t\t\t\t\t<span class=\"elementor-button-text\">Einleitung<\/span>\n\t\t\t\t\t<\/span>\n\t\t\t\t\t<\/a>\n\t\t\t\t\t\t\t\t<\/div>\n\t\t\t\t\t<\/div>\n\t\t<\/div>\n\t\t\t\t\t<\/div>\n\t\t<\/section>\n\t\t\t\t<\/div>\n\t\t","protected":false},"excerpt":{"rendered":"<p>entstehung JOEL HAT EINE IDEE Joel hat einfach mal damit angefangen die Arche zu bauen so ein crazy boy Einer der Menschen, die sich in den Neunzigerjahren \u00fcber l\u00e4ngere Zeit im Campi di Cascio aufhielten, um meinen Eltern beim Bau des Hauses zu helfen, war Joel. Dieser Ort gefiel ihm so gut, dass er einen [&hellip;]<\/p>\n","protected":false},"author":1,"featured_media":0,"parent":0,"menu_order":0,"comment_status":"closed","ping_status":"closed","template":"elementor_header_footer","meta":{"footnotes":""},"class_list":["post-336","page","type-page","status-publish","hentry"],"_links":{"self":[{"href":"https:\/\/arche-space.ch\/index.php?rest_route=\/wp\/v2\/pages\/336","targetHints":{"allow":["GET"]}}],"collection":[{"href":"https:\/\/arche-space.ch\/index.php?rest_route=\/wp\/v2\/pages"}],"about":[{"href":"https:\/\/arche-space.ch\/index.php?rest_route=\/wp\/v2\/types\/page"}],"author":[{"embeddable":true,"href":"https:\/\/arche-space.ch\/index.php?rest_route=\/wp\/v2\/users\/1"}],"replies":[{"embeddable":true,"href":"https:\/\/arche-space.ch\/index.php?rest_route=%2Fwp%2Fv2%2Fcomments&post=336"}],"version-history":[{"count":10,"href":"https:\/\/arche-space.ch\/index.php?rest_route=\/wp\/v2\/pages\/336\/revisions"}],"predecessor-version":[{"id":368,"href":"https:\/\/arche-space.ch\/index.php?rest_route=\/wp\/v2\/pages\/336\/revisions\/368"}],"wp:attachment":[{"href":"https:\/\/arche-space.ch\/index.php?rest_route=%2Fwp%2Fv2%2Fmedia&parent=336"}],"curies":[{"name":"wp","href":"https:\/\/api.w.org\/{rel}","templated":true}]}}